{"id":3856,"date":"2025-10-10T13:58:18","date_gmt":"2025-10-10T12:58:18","guid":{"rendered":"https:\/\/visualfactory.pt\/?post_type=product&#038;p=3856"},"modified":"2026-03-03T17:13:35","modified_gmt":"2026-03-03T17:13:35","slug":"livro-evora-com-luz","status":"publish","type":"product","link":"https:\/\/visualfactory.pt\/en\/product\/livro-evora-com-luz\/","title":{"rendered":"Livro \u00c9vora com Luz"},"content":{"rendered":"<p>&#8220;<strong>\u00c9vora com Luz<\/strong>&#8221; \u00e9 uma colabora\u00e7\u00e3o entre o <strong>fot\u00f3grafo Jer\u00f3nimo Heitor Coelho e o escritor Nuno Sim\u00f5es Dias<\/strong>. Este livro, \u00e9 essencialmente uma <strong>obra fotogr\u00e1fica<\/strong> que deslumbra os leitores com uma vis\u00e3o \u00edntima de todos os <strong>recantos da cidade de \u00c9vora<\/strong>, imortalizando a sua beleza atrav\u00e9s da lente de Jer\u00f3nimo Heitor Coelho.<\/p>\n<p>&nbsp;<\/p>\n<p>Cada p\u00e1gina \u00e9 uma <strong>obra de arte visual<\/strong>, capturando a magia \u00fanica desta cidade alentejana, desde os monumentos emblem\u00e1ticos at\u00e9 os cantos menos explorados, revelando a riqueza da sua hist\u00f3ria e cultura. As imagens, permeadas de luz e sombra, transportam os leitores para <strong>um passeio visual<\/strong>, despertando uma profunda aprecia\u00e7\u00e3o pela <strong>arquitetura, tradi\u00e7\u00f5es e atmosfera singular de \u00c9vora<\/strong>.<\/p>\n<p>&nbsp;<\/p>\n<p>Em cada p\u00e1gina, <strong>\u00c9vora revela a sua hist\u00f3ria com a luz \u00fanica<\/strong> que a caracteriza, tornando &#8216;\u00c9vora com Luz&#8217; n\u00e3o apenas um livro, mas um testemunho radiante da beleza que ilumina cada pedra, cada rua e cada alma nesta cidade fascinante.<\/p>","protected":false},"excerpt":{"rendered":"<p><strong data-start=\"856\" data-end=\"873\">\u00c9VORA COM LUZ<\/strong> \u00e9 um livro fotogr\u00e1fico de <strong data-start=\"900\" data-end=\"926\">Jer\u00f3nimo Heitor Coelho<\/strong> com textos de <strong data-start=\"941\" data-end=\"961\">Nuno Sim\u00f5es Dias<\/strong> que revela, em <strong data-start=\"977\" data-end=\"1004\">4 idiomas (PT\/EN\/ES\/FR)<\/strong>, a beleza \u00edntima de \u00c9vora \u2014 dos monumentos aos recantos menos explorados. <strong data-start=\"1079\" data-end=\"1094\">224 p\u00e1ginas<\/strong>, <strong data-start=\"1096\" data-end=\"1121\">capa mole com badanas<\/strong>, <strong data-start=\"1150\" data-end=\"1157\">\u20ac18<\/strong>. Publicado pela <strong data-start=\"1174\" data-end=\"1192\">Visual Factory<\/strong>.<\/p>","protected":false},"featured_media":5211,"comment_status":"open","ping_status":"closed","template":"","meta":{"site-sidebar-layout":"default","site-content-layout":"","ast-site-content-layout":"default","site-content-style":"default","site-sidebar-style":"default","ast-global-header-display":"","ast-banner-title-visibility":"","ast-main-header-display":"","ast-hfb-above-header-display":"","ast-hfb-below-header-display":"","ast-hfb-mobile-header-display":"","site-post-title":"","ast-breadcrumbs-content":"","ast-featured-img":"","footer-sml-layout":"","ast-disable-related-posts":"","theme-transparent-header-meta":"default","adv-header-id-meta":"","stick-header-meta":"","header-above-stick-meta":"","header-main-stick-meta":"","header-below-stick-meta":"","astra-migrate-meta-layouts":"set","ast-page-background-enabled":"default","ast-page-background-meta":{"desktop":{"background-color":"var(--ast-global-color-5)","background-image":"","background-repeat":"repeat","background-position":"center center","background-size":"auto","background-attachment":"scroll","background-type":"","background-media":"","overlay-type":"","overlay-color":"","overlay-opacity":"","overlay-gradient":""},"tablet":{"background-color":"","background-image":"","background-repeat":"repeat","background-position":"center center","background-size":"auto","background-attachment":"scroll","background-type":"","background-media":"","overlay-type":"","overlay-color":"","overlay-opacity":"","overlay-gradient":""},"mobile":{"background-color":"","background-image":"","background-repeat":"repeat","background-position":"center center","background-size":"auto","background-attachment":"scroll","background-type":"","background-media":"","overlay-type":"","overlay-color":"","overlay-opacity":"","overlay-gradient":""}},"ast-content-background-meta":{"desktop":{"background-color":"var(--ast-global-color-4)","background-image":"","background-repeat":"repeat","background-position":"center center","background-size":"auto","background-attachment":"scroll","background-type":"","background-media":"","overlay-type":"","overlay-color":"","overlay-opacity":"","overlay-gradient":""},"tablet":{"background-color":"var(--ast-global-color-4)","background-image":"","background-repeat":"repeat","background-position":"center center","background-size":"auto","background-attachment":"scroll","background-type":"","background-media":"","overlay-type":"","overlay-color":"","overlay-opacity":"","overlay-gradient":""},"mobile":{"background-color":"var(--ast-global-color-4)","background-image":"","background-repeat":"repeat","background-position":"center center","background-size":"auto","background-attachment":"scroll","background-type":"","background-media":"","overlay-type":"","overlay-color":"","overlay-opacity":"","overlay-gradient":""}}},"product_brand":[91],"product_cat":[55,74],"product_tag":[58,67,69,66,61,70,68,64],"class_list":{"0":"post-3856","1":"product","2":"type-product","3":"status-publish","4":"has-post-thumbnail","6":"product_brand-visual-factory","7":"product_cat-publicacoes","8":"product_cat-livros","9":"product_tag-alentejo","10":"product_tag-arquitetura","11":"product_tag-city-book","12":"product_tag-evora","13":"product_tag-fotografia","14":"product_tag-multilingue","15":"product_tag-patrimonio","16":"product_tag-visual-factory","17":"desktop-align-center","18":"tablet-align-left","19":"mobile-align-left","21":"first","22":"instock","23":"shipping-taxable","24":"purchasable","25":"product-type-simple"},"_links":{"self":[{"href":"https:\/\/visualfactory.pt\/en\/wp-json\/wp\/v2\/product\/3856","targetHints":{"allow":["GET"]}}],"collection":[{"href":"https:\/\/visualfactory.pt\/en\/wp-json\/wp\/v2\/product"}],"about":[{"href":"https:\/\/visualfactory.pt\/en\/wp-json\/wp\/v2\/types\/product"}],"replies":[{"embeddable":true,"href":"https:\/\/visualfactory.pt\/en\/wp-json\/wp\/v2\/comments?post=3856"}],"version-history":[{"count":1,"href":"https:\/\/visualfactory.pt\/en\/wp-json\/wp\/v2\/product\/3856\/revisions"}],"predecessor-version":[{"id":5230,"href":"https:\/\/visualfactory.pt\/en\/wp-json\/wp\/v2\/product\/3856\/revisions\/5230"}],"wp:featuredmedia":[{"embeddable":true,"href":"https:\/\/visualfactory.pt\/en\/wp-json\/wp\/v2\/media\/5211"}],"wp:attachment":[{"href":"https:\/\/visualfactory.pt\/en\/wp-json\/wp\/v2\/media?parent=3856"}],"wp:term":[{"taxonomy":"product_brand","embeddable":true,"href":"https:\/\/visualfactory.pt\/en\/wp-json\/wp\/v2\/product_brand?post=3856"},{"taxonomy":"product_cat","embeddable":true,"href":"https:\/\/visualfactory.pt\/en\/wp-json\/wp\/v2\/product_cat?post=3856"},{"taxonomy":"product_tag","embeddable":true,"href":"https:\/\/visualfactory.pt\/en\/wp-json\/wp\/v2\/product_tag?post=3856"}],"curies":[{"name":"wp","href":"https:\/\/api.w.org\/{rel}","templated":true}]}}

Livro Évora com Luz

<p>&#8220;<strong>Évora com Luz</strong>&#8221; é uma colaboração entre o <strong>fotógrafo Jerónimo Heitor Coelho e o escritor Nuno Simões Dias</strong>. Este livro, é essencialmente uma <strong>obra fotográfica</strong> que deslumbra os leitores com uma visão íntima de todos os <strong>recantos da cidade de Évora</strong>, imortalizando a sua beleza através da lente de Jerónimo Heitor Coelho.</p>
<p>&nbsp;</p>
<p>Cada página é uma <strong>obra de arte visual</strong>, capturando a magia única desta cidade alentejana, desde os monumentos emblemáticos até os cantos menos explorados, revelando a riqueza da sua história e cultura. As imagens, permeadas de luz e sombra, transportam os leitores para <strong>um passeio visual</strong>, despertando uma profunda apreciação pela <strong>arquitetura, tradições e atmosfera singular de Évora</strong>.</p>
<p>&nbsp;</p>
<p>Em cada página, <strong>Évora revela a sua história com a luz única</strong> que a caracteriza, tornando &#8216;Évora com Luz&#8217; não apenas um livro, mas um testemunho radiante da beleza que ilumina cada pedra, cada rua e cada alma nesta cidade fascinante.</p>

<p><strong data-start="856" data-end="873">ÉVORA COM LUZ</strong> é um livro fotográfico de <strong data-start="900" data-end="926">Jerónimo Heitor Coelho</strong> com textos de <strong data-start="941" data-end="961">Nuno Simões Dias</strong> que revela, em <strong data-start="977" data-end="1004">4 idiomas (PT/EN/ES/FR)</strong>, a beleza íntima de Évora — dos monumentos aos recantos menos explorados. <strong data-start="1079" data-end="1094">224 páginas</strong>, <strong data-start="1096" data-end="1121">capa mole com badanas</strong>, <strong data-start="1150" data-end="1157">€18</strong>. Publicado pela <strong data-start="1174" data-end="1192">Visual Factory</strong>.</p>
